*2 - 3*c + 5. Let h be q(u). Suppose 0 = h*w - 4*w - 15. List the prime factors of w.
3
List the prime factors of ((-32)/12)/4 + (-41812)/(-6).
2, 13, 67
What are the prime factors of -3*111604/(-84) - 156/182?
5, 797
Suppose 42*g = 40*g + 2658. Let r = 2370 - g. What are the prime factors of r?
3, 347
Suppose -3*a = -5*m, 9*a - 13*a - m = -23. Suppose -6*k = a*b - k - 7410, -k - 4458 = -3*b. List the prime factors of b.
3, 5, 11
Let n(y) be the third derivative of 61*y**4/24 + 7*y**3/6 - y**2. Suppose 443 + 79 = 10*w + 164*w. What are the prime factors of n(w)?
2, 5, 19
Let b be ((-1)/3)/(-3 + 208/72). Suppose -x = h + 3*x - 8, 3*h - x + 2 = 0. Suppose -b*g + 5*g - 168 = h. What are the prime factors of g?
2, 3, 7
Suppose 10 = -2*b + 66. Let x be 8/b + 60/35. What are the prime factors of (-836)/12*(x - 5)?
11, 19
Suppose -3*o - 120 - 2049 = 0. Let j = o - -1278. List the prime factors of j.
3, 5, 37
Suppose 5*t = -4*w + 34503, -12*t = -w - 13*t + 8627. What are the prime factors of w?
2, 13, 83
Suppose 51*c - 46*c + 50 = 0. Let h be -36 - (c/2 - -4). What are the prime factors of 7*(-4)/20*h?
7
Suppose 4*c + 24 = 8, 2*q + 5*c + 8046 = 0. Let p = -2087 - q. What are the prime factors of p?
2, 3, 107
Suppose -23*s - 68276 = -12*s - 24*s. List the prime factors of s.
2, 13, 101
Let r(w) = w**2 - 2*w + 13. Suppose 5*k - 3*u - 21 = 0, 5*u - 2 = -2*k + 25. Suppose -k*a - 24 = 48. What are the prime factors of r(a)?
181
Let t(a) = 72*a**2 + 31*a - 272. Let f be t(8). Let u = f + -2703. What are the prime factors of u?
3, 11, 19
Suppose 235*s - 259*s + 716664 = 0. List the prime factors of s.
13, 2297
Suppose -8*u + 13*u - 13794 = 3*y, 4*y = 2*u - 5512. What are the prime factors of u?
2, 3, 5, 23
Let v(z) = -z**2 - 8*z - 12. Let b be v(-4). Suppose p = -b*p + 5, 3*u = -3*p + 1674. List the prime factors of u.
557
Suppose 3*k = 3*m - 3486, 356*m + 1150 = 357*m + 3*k. List the prime factors of m.
19, 61
Let d = -18 + 22. Let r be 9 + (d - 4) + -4. What are the prime factors of 271/r + 1/(-5)?
2, 3
Let f(c) = c**3 - 18*c**2 + 17*c + 6. Let a be f(19). Let o = a + -202. What are the prime factors of o?
2, 61
Let j(t) be the third derivative of t**5/20 - t**4/8 - 134*t**3/3 + t**2 - 9. List the prime factors of j(-13).
2, 139
Let a(i) = 413*i + 167. Let y be a(11). Suppose 0 = -8*r + 1218 + y. List the prime factors of r.
3, 13, 19
Let n be (-1)/3 - 64/(-12). Suppose n*s + d + 3*d = 1293, -s + 2*d = -253. List the prime factors of s.
257
Let o = 2037 - -1968. List the prime factors of o.
3, 5, 89
Let l = 23382 - -1807. List the prime factors of l.
25189
Let s be -8*(-3)/(-9) - 5/15. Let r(a) = 3*a + 1. Let q(m) = 1. Let o(v) = s*q(v) - r(v). List the prime factors of o(-4).
2
Let y(b) = 2*b - 31. Let w = 111 + -93. Let m be y(w). Suppose -2 = -q, -924 = -m*k + 7*q - 4*q. What are the prime factors of k?
2, 3, 31
Suppose 4*t + j = 13590, -4*t - 7*j = -4*j - 13602. What are the prime factors of t?
2, 3, 283
Let g = -2127 - -3959. Suppose 2*b - k - 2842 = -998, -4*k - g = -2*b. List the prime factors of b.
2, 3, 7, 11
Suppose 8*z - 3*z = 10. Let b be z - -68 - -1 - 0. Suppose b + 301 = 2*i. What are the prime factors of i?
2, 3, 31
Let x(k) = -109 + 10*k**2 - 10*k**3 + 11*k**3 + 27*k**2 - 6*k**2 - 20*k. List the prime factors of x(-31).
7, 73
Let a(f) be the third derivative of -f**6/120 - 7*f**5/30 - 5*f**4/4 + 8*f**3/3 + 3*f**2 - 2*f. List the prime factors of a(-12).
2, 11
Let g(c) = -5*c - 1. Let f be g(-7). Let i = f - 53. Let u(a) = a**2 + 11*a - 8. List the prime factors of u(i).
2, 3
Suppose 0 = r, 0*l + 4*l - 4*r - 20 = 0. Suppose l*i - 7*i + 66 = 0. Let z = 57 - i. List the prime factors of z.
2, 3
List the prime factors of 67 + -72 + -1 + 2 + 9648.
2, 2411
Suppose -2*x = 4*z - 1400, -2*x - z + 178 = -1225. Let t = -440 + x. What are the prime factors of t?
2, 131
Let h be (2 + 0 - -2)*321/(-4). Let r = -29 - h. Suppose 3*s = 2*q - q + 225, -4*s + r = -4*q. List the prime factors of s.
2, 19
Suppose -2719008 = -193*o - 28*o - 67*o. What are the prime factors of o?
3, 1049
Suppose -414109 + 12125 = -71*b + 27*b. What are the prime factors of b?
2, 571
Let x(o) be the first derivative of -o**2/2 + 5*o - 16. Let h be x(2). List the prime factors of (5 - h/3)/(6/213).
2, 71
Let g(b) = 14*b + 7. Let l be g(-1). Let f(z) = -135*z + 171. What are the prime factors of f(l)?
2, 3, 31
Let z = -24358 + 45029. List the prime factors of z.
7, 2953
Let t(j) = -j**3 - 10*j**2 - 3. Let q be t(-10). Let r(d) = 31*d + 434. Let h(x) = 2. Let o(s) = 434*h(s) - 2*r(s). What are the prime factors of o(q)?
2, 3, 31
Suppose 4*m - t - 364 = 343, -4*t - 704 = -4*m. Let d = 477 - m. Suppose 167*j = 171*j - d. List the prime factors of j.
3, 5
Suppose -2*u - 4*k = 2, 3*u - 3*k = 15 + 9. Suppose -r - 3*l = 5, -u*r - l + 13 = -r. What are the prime factors of (30/8)/(-15) + 577/r?
2, 3
List the prime factors of ((-7147)/(-42))/(5/210).
7, 1021
Suppose 0 = -5*f - 5*y + 28455, -3*f = 37*y - 40*y - 17067. List the prime factors of f.
2, 5, 569
Let k = -68033 + 95707. What are the prime factors of k?
2, 101, 137
Let b be 1*8 - (36/6 + -3). Suppose 3*f + 5*v = -0*f - b, -4*v = 16. Suppose 2*k - 234 = -f*h, 0 = 5*k - 3*h - 687 + 71. List the prime factors of k.
2, 61
Suppose 0 = 3*o - 2*b - 3258, -4*b + 694 + 2564 = 3*o. Suppose -2*j - 4*u + 1601 = j, -o = -2*j + 2*u. List the prime factors of j.
7, 11
Let h = 9 - 16. Let g be -4 - (-2 + h) - (1 + 1). Suppose 5 = -n + 5*q, 80 = g*n + q + 3*q. List the prime factors of n.
2, 5
Suppose 0 = 2*n + 8 - 4. Let p be 158 - (1 - (n + 0 - -3)). Suppose 2*v - p = -0*v. List the prime factors of v.
79
Let l = -111 - -216. Let v = l + -98. Suppose -v*b = -10*b + 366. List the prime factors of b.
2, 61
Let z(u) = 0*u**2 - 8*u + 77*u**3 - 6 - 78*u**3 + 2*u**2. What are the prime factors of z(-3)?
3, 7
Let z(v) = 3*v**3 - 23*v**2 - 3*v - 3. Let t(w) = 4*w**3 - 23*w**2 - 4*w - 4. Let r(j) = 4*t(j) - 5*z(j). What are the prime factors of r(-23)?
2, 11
Let m(z) = z**3 - 23*z**2 + 24*z + 29. Let o be (897/39)/(-3*(-2)/6). What are the prime factors of m(o)?
7, 83
Let f(j) = -17 + 126*j - 77*j - 12 - 110. What are the prime factors of f(23)?
2, 13, 19
What are the prime factors of 28/(-21)*(-547704)/16 - (-5)/(-1)?
47, 971
Suppose 0 = 23*j - 62*j - 27*j + 1183314. List the prime factors of j.
17929
Suppose -6*f + 10*f + 4 = 0. Suppose 3*u + 4 = -4*z, -9*u + 2*z + 2 = -4*u. What are the prime factors of 36 - 3/3*(u + f)?
37
Let m = 228 + -226. Suppose -279 + 2909 = 4*l - f, -5*l + m*f + 3286 = 0. What are the prime factors of l?
2, 7, 47
Let p(s) = -13*s - 255. Let g(d) = 2*d**3 - 20*d**2 - 5*d + 22. Let y be g(10). List the prime factors of p(y).
109
Let v(c) = 351*c - 7745. What are the prime factors of v(133)?
2, 19469
Suppose 0 = -37*z + 789284 - 23569. What are the prime factors of z?
5, 4139
Suppose r = 10 - 8. Let u be (55/(-2))/((-126)/60 + r). Suppose -z - 5*o = -4*z + u, 449 = 5*z + o. What are the prime factors of z?
2, 3, 5
List the prime factors of 666297/45 + 28/70.
13, 17, 67
Let j(w) = -w**2 + 26*w + 32. Let s be j(26). Suppose -3689 = -39*q + s*q. List the prime factors of q.
17, 31
Let r = -332 - -920. Suppose -109*l + r = -107*l. List the prime factors of l.
2, 3, 7
Let j(b) = 13*b + 40. Let l be j(-12). Suppose -t + g = -133, -3*t = -2*t - 3*g - 139. Let s = l + t. What are the prime factors of s?
2, 7
Let l be ((-2)/(-5))/((-19)/(-95)). Suppose 2*a = -3*u + 6, -l*u + 4*u - 2*a = 4. Suppose o + 3*o = -3*w + 177, u*o = 5*w - 295. List the prime factors of w.
59
Let k be 6/(0 - -6) + -749. List the prime factors of -2*-3*k/(-8).
3, 11, 17
Suppose 0 = -3*j, 0*d - 3*d + 66 = 5*j. Let k = d - -270. What are the prime factors of k?
2, 73
Let w(n) = 17 + 11 - 38*n + 11 - 1. What are the prime factors of w(-14)?
2, 3, 5, 19
Let q = -89 - -95. Suppose 0 = -w + q*w - 20. Suppose -6*g + w*g + 224 = 0. What are the prime factors of g?
2, 7
Suppose -6284*i + 1226678 = -6265*i. List the prime factors of i.
2, 19, 1699
Let g be (-1 + 8/6)*-3*73. Let s = g - -7. Let f = s + 114. List the prime factors of f.
2, 3
Let z(d) = -15*d - 2*d**3 - 20*d + 2*d**2 - 14*d**2 - 8 - d**3. What are the prime factors of z(-9)?
2, 761
Let n(f) = -2*f**2 + f + 1